of 358057910?
9
What is the ten thousands digit of 79208930?
0
What is the hundreds digit of 95778626?
6
What is the hundreds digit of 1871739398?
3
What is the billions digit of 4265121957?
4
What is the millions digit of 1428719555?
8
What is the hundred millions digit of 6954667979?
9
What is the hundreds digit of 191590276?
2
What is the hundreds digit of 1414889643?
6
What is the billions digit of 1339552121?
1
What is the hundred millions digit of 691597656?
6
What is the hundred millions digit of 278003245?
2
What is the ten millions digit of 481495089?
8
What is the thousands digit of 471879640?
9
What is the hundred thousands digit of 3355781687?
7
What is the thousands digit of 34392098?
2
What is the hundreds digit of 57545362?
3
What is the thousands digit of 54002697?
2
What is the tens digit of 4131912513?
1
What is the ten millions digit of 2809326470?
0
What is the hundred thousands digit of 3794859249?
8
What is the thousands digit of 521220469?
0
What is the units digit of 812738626?
6
What is the hundreds digit of 60243116?
1
What is the millions digit of 2621900264?
1
What is the units digit of 64308936?
6
What is the tens digit of 2253173111?
1
What is the hundred thousands digit of 2049784500?
7
What is the tens digit of 146744317?
1
What is the millions digit of 31148519?
1
What is the hundred thousands digit of 4969382928?
3
What is the hundreds digit of 26119700?
7
What is the hundreds digit of 322326178?
1
What is the ten thousands digit of 943883341?
8
What is the hundred thousands digit of 44474587?
4
What is the units digit of 59949919?
9
What is the millions digit of 5528354425?
8
What is the thousands digit of 86615623?
5
What is the hundred millions digit of 228152226?
2
What is the tens digit of 1966542683?
8
What is the ten millions digit of 212108599?
1
What is the hundreds digit of 86723143?
1
What is the ten thousands digit of 3458866227?
6
What is the ten thousands digit of 246110671?
1
What is the thousands digit of 2298551995?
1
What is the billions digit of 2808167446?
2
What is the thousands digit of 454592305?
2
What is the ten thousands digit of 4320961589?
6
What is the thousands digit of 3715422877?
2
What is the thousands digit of 1696071328?
1
What is the ten thousands digit of 71753756?
5
What is the ten millions digit of 915507887?
1
What is the tens digit of 651389622?
2
What is the hundreds digit of 480764723?
7
What is the thousands digit of 45182990?
2
What is the ten millions digit of 186954849?
8
What is the ten millions digit of 812308433?
1
What is the hundreds digit of 67813223?
2
What is the hundred millions digit of 888759112?
8
What is the units digit of 771062887?
7
What is the hundreds digit of 43291443?
4
What is the hundreds digit of 573981599?
5
What is the units digit of 1844463364?
4
What is the units digit of 589242912?
2
What is the hundred thousands digit of 3704910111?
9
What is the millions digit of 162141405?
2
What is the ten thousands digit of 660198869?
9
What is the thousands digit of 2712894947?
4
What is the hundred thousands digit of 9443080?
4
What is the ten millions digit of 13776566?
1
What is the hundreds digit of 373247287?
2
What is the thousands digit of 367306204?
6
What is the billions digit of 4317544245?
4
What is the tens digit of 447189549?
4
What is the hundreds digit of 99390743?
7
What is the hundreds digit of 47038969?
9
What is the units digit of 47241121?
1
What is the hundreds digit of 16907914?
9
What is the hundreds digit of 23272796?
7
What is the tens digit of 45907124?
2
What is the ten millions digit of 34962997?
3
What is the hundred thousands digit of 3861511407?
5
What is the ten thousands digit of 19159947?
5
What is the hundreds digit of 1417188121?
1
What is the thousands digit of 102627107?
7
What is the hundred thousands digit of 146922923?
9
What is the hundreds digit of 874721104?
1
What is the hundred millions digit of 876605441?
8
What is the hundred thousands digit of 109269973?
2
What is the tens digit of 137688355?
5
What is the hundreds digit of 88711869?
8
What is the thousands digit of 817584158?
4
What is the hundred millions digit of 109692274?
1
What is the thousands digit of 44505786?
5
What is the units digit of 1006681575?
5
What is the millions digit of 49946793?
9
What is the hundreds digit of 1188940164?
1
What is the tens digit of 89744933?
3
What is the ten thousands digit of 9482582?
8
What is the hundreds digit of 1238907529?
5
What is the ten thousands digit of 83698059?
9
What is the thousands digit of 268498092?
8
What is the tens digit of 758793376?
7
What is the ten millions digit of 3038051593?
3
What is the hundred millions digit of 115087431?
1
What is the millions digit of 513470035?
3
What is the hundreds digit of 2414716124?
1
What is the millions digit of 93081358?
3
What is the hundred thousands digit of 590961808?
9
What is the hundred thousands digit of 224129130?
1
What is the hundreds digit of 1347978810?
8
What is the hundred millions digit of 751675088?
7
What is the hundred millions digit of 642863065?
6
What is the units digit of 29922926?
6
What is the hundred thousands digit of 2997715277?
7
What is the thousands digit of 45310689?
0
What is the billions digit of 3001012329?
3
What is the billions digit of 1677945755?
1
What is the tens digit of 15802526?
2
What is the units digit of 38316118?
8
What is the hundred thousands digit of 3202646237?
6
What is the hundreds digit of 54711239?
2
What is the units digit of 4488181176?
6
What is the units digit of 79070487?
7
What is the thousands digit of 7255081028?
1
What is the thousands digit of 31148709?
8
What is the ten millions digit of 1285916821?
8
What is the ten thousands digit of 1494544225?
4
What is the hundred thousands digit of 2605290181?
2
What is the tens digit of 205581691?
9
What is the units digit of 50731162?
2
What is the units digit of 3991243?
3
What is the thousands digit of 108673586?
3
What is the ten millions digit of 4247521398?
4
What is the hundred millions digit of 4626435347?
6
What is the hundreds digit of 17363586?
5
What is the millions digit of 303181964?
3
What is the millions digit of 45235907?
5
What is the billions digit of 1100755509?
1
What is the tens digit of 185907435?
3
What is the hundred millions digit of 116645006?
1
What is the thousands digit of 19249100?
9
What is the units digit of 38463714?
4
What is the hundred thousands digit of 9256205205?
2
What is the ten thousands digit of 1087278219?
7
What is the units digit of 133826628?
8
What is the ten thousands digit of 856731410?
3
What is the hundred thousands digit of 6872046741?
0
What is the tens digit of 228457923?
2
What is the millions digit of 29696737?
9
What is the hundred thousands digit of 820628990?
6
What is the thousands digit of 51549278?
9
What is the ten thousands digit of 1408121526?
2
What is the tens digit of 71176752?
5
What is the hundreds digit of 2561728674?
6
What is the millions digit of 1344677238?
4
What is the hundreds digit of 3870937000?
0
What is the tens digit of 816855402?
0
What is the millions digit of 395742727?
5
What is the units digit of 38698158?
8
What is the units digit of 131865232?
2
What is the hundred millions digit of 878286890?
8
What is the hundred thousands digit of 884523207?
5
What is the hundreds digit of 1164856802?
8
What is the units digit of 42414003?
3
What is the millions digit of 1968910053?
8
What is the hundred millions digit of 203773198?
2
What is the ten millions digit of 267835348?
6
What is the hundreds digit of 4866511?
5
What is the units digit of 8042554043?
3
What is the millions digit of 1211072028?
1
What is the tens digit of 38797211?
1
What is the hundreds digit of 286693256?
2
What is the hundreds digit of 389867?
8
What is the hundred thousands digit of 610886802?
8
What is the millions digit of 75948146?
5
What is the units digit of 7460683?
3
What is the ten thousands digit of 57071855?
7
What is the units digit of 23312470?
0
What is the hundred millions digit of 898681643?
8
What is the ten thousands digit of 285525296?
2
What is the hundred thousands digit of 5934855405?
8
What is the hundreds digit of 2301704463?
4
What is the hundreds digit of 7839